re the prime factors of 268047119?
268047119
What are the prime factors of 50125589?
50125589
List the prime factors of 296940705.
3, 5, 19796047
What are the prime factors of 2043513055?
5, 408702611
List the prime factors of 3908598708.
2, 3, 7, 181, 257077
What are the prime factors of 44371464?
2, 3, 1848811
What are the prime factors of 2761192186?
2, 4987, 276839
List the prime factors of 400263126.
2, 3, 163, 409267
What are the prime factors of 2567988182?
2, 37, 613, 56611
What are the prime factors of 134632580?
2, 5, 1787, 3767
What are the prime factors of 42977768?
2, 17, 29, 641
List the prime factors of 1357258857.
3, 452419619
List the prime factors of 247184433.
3, 19, 151, 3191
What are the prime factors of 246960071?
17, 1093, 13291
What are the prime factors of 2530276812?
2, 3, 7, 3346927
List the prime factors of 298221318.
2, 3, 5522617
List the prime factors of 53303493.
3, 19, 935149
What are the prime factors of 564349283?
564349283
List the prime factors of 69259952.
2, 31, 47, 2971
What are the prime factors of 6633760801?
43, 4007, 38501
What are the prime factors of 1225559619?
3, 45391097
What are the prime factors of 538125866?
2, 19, 14161207
List the prime factors of 3345046883.
23, 145436821
List the prime factors of 5208931783.
11, 229, 187987
List the prime factors of 169721165.
5, 33944233
What are the prime factors of 20721740?
2, 5, 13, 79699
List the prime factors of 89533380.
2, 3, 5, 1492223
What are the prime factors of 20559170?
2, 5, 2055917
What are the prime factors of 8030005767?
3, 7, 73, 582011
List the prime factors of 1937504401.
7, 601, 460543
What are the prime factors of 67090900?
2, 5, 19, 35311
What are the prime factors of 1823223604?
2, 17333, 26297
What are the prime factors of 177776029?
177776029
List the prime factors of 215163748.
2, 149, 361013
List the prime factors of 119894942.
2, 59947471
List the prime factors of 3971255239.
7, 43, 13193539
List the prime factors of 9945227.
19, 523433
List the prime factors of 7140531531.
3, 7, 19, 17896069
List the prime factors of 475885987.
509, 934943
List the prime factors of 30728623.
30728623
List the prime factors of 72204008.
2, 73, 123637
List the prime factors of 76325777.
11, 53, 89, 1471
List the prime factors of 3847708710.
2, 3, 5, 911, 15643
List the prime factors of 15661309.
15661309
What are the prime factors of 733235573?
7, 104747939
What are the prime factors of 50056491?
3, 71, 235007
List the prime factors of 41411792.
2, 19, 136223
List the prime factors of 184915859.
461, 401119
What are the prime factors of 51678876?
2, 3, 757, 5689
List the prime factors of 76827947.
7, 17, 37, 17449
What are the prime factors of 132139391?
31, 4262561
List the prime factors of 185581491.
3, 59, 67, 15649
List the prime factors of 2485069940.
2, 5, 124253497
What are the prime factors of 988184031?
3, 329394677
What are the prime factors of 43895494?
2, 21947747
List the prime factors of 230012293.
7, 32858899
List the prime factors of 452967846.
2, 3, 31, 2435311
What are the prime factors of 266248606?
2, 13, 241, 42491
What are the prime factors of 28796447?
28796447
What are the prime factors of 4098411734?
2, 101, 20289167
List the prime factors of 862482425.
5, 7, 4928471
List the prime factors of 98190006.
2, 3, 907, 18043
List the prime factors of 2090901356.
2, 14561, 35899
List the prime factors of 857638939.
47, 18247637
What are the prime factors of 5238114074?
2, 397, 1663, 3967
List the prime factors of 783882048.
2, 3, 4082719
What are the prime factors of 3460690158?
2, 3, 23831, 24203
What are the prime factors of 470308090?
2, 5, 7, 6718687
What are the prime factors of 889694326?
2, 23, 71, 272411
What are the prime factors of 440299838?
2, 11, 163, 199, 617
List the prime factors of 3088051289.
3088051289
What are the prime factors of 39532848?
2, 3, 823601
What are the prime factors of 295569596?
2, 7, 23, 458959
List the prime factors of 182202619.
23, 1553, 5101
What are the prime factors of 8438045204?
2, 29, 72741769
What are the prime factors of 205428752?
2, 659, 19483
List the prime factors of 212693514.
2, 3, 11, 3222629
What are the prime factors of 321156969?
3, 7, 47, 107, 3041
List the prime factors of 1351642517.
53, 25502689
What are the prime factors of 19174286?
2, 2267, 4229
What are the prime factors of 81668706?
2, 3, 7, 283, 6871
List the prime factors of 444696760.
2, 5, 11117419
What are the prime factors of 28903026?
2, 3, 17, 47, 6029
List the prime factors of 63226449.
3, 11, 13, 3779
What are the prime factors of 2823333288?
2, 3, 117638887
What are the prime factors of 449622991?
877, 512683
List the prime factors of 147338673.
3, 19, 2584889
What are the prime factors of 672191420?
2, 5, 33609571
List the prime factors of 2712793597.
2712793597
What are the prime factors of 1673656094?
2, 11, 76075277
What are the prime factors of 152747532?
2, 3, 7, 67349
List the prime factors of 2366597223.
3, 87651749
What are the prime factors of 87072374?
2, 373, 116719
What are the prime factors of 1054299963?
3, 89, 3948689
List the prime factors of 26443287.
3, 13, 75337
List the prime factors of 511681357.
11, 46516487
List the prime factors of 58832150.
2, 5, 13, 90511
What are the prime factors of 2056388186?
2, 23, 661, 67631
What are the prime factors of 122497156?
2, 277, 110557
List the prime factors of 2776530295.
5, 7, 11, 109, 607
List the prime factors of 1151568.
2, 3, 11, 727
List the prime factors of 838592739.
3, 29, 541, 5939
What are the prime factors of 192962255?
5, 1511, 25541
List the prime factors of 31398436.
2, 7849609
What are the prime factors of 160913396?
2, 7, 43, 133649
List the prime factors of 32592438.
2, 3, 743, 2437
List the prime factors of 1562913.
3, 11, 15787
What are the prime factors of 71884152?
2, 3, 41, 8117
List the prime factors of 151169864.
2, 37, 510709
List the prime factors of 31952162.
2, 11, 523, 2777
What are the prime factors of 101341441?
587, 172643
List the prime factors of 2232932798.
2, 109, 173, 59207
What are the prime factors of 2866920755?
5, 573384151
What are the prime factors of 100206967?
7, 14315281
List the prime factors of 101080935.
3, 5, 1277, 1759
What are the prime factors of 89946295?
5, 103, 174653
List the prime factors of 1255713956.
2, 7, 659, 68053
List the prime factors of 4005676.
2, 17, 58907
What are the prime factors of 5022695?
5, 757, 1327
List the prime factors of 113340405.
3, 5, 7556027
What are the prime factors of 62220033?
3, 6913337
What are the prime factors of 334008630?
2, 3, 5, 179, 6911
List the prime factors of 2055411530.
2, 5, 313, 656681
List the prime factors of 473535192.
2, 3, 13, 61, 139, 179
List the prime factors of 1244226091.
1244226091
What are the prime factors of 150521941?
150521941
List the prime factors of 136608313.
1097, 124529
What are the prime factors of 237657504?
2, 3, 7, 353657
List the prime factors of 48564413.
48564413
List the prime factors of 11193100.
2, 5, 173, 647
What are the prime factors of 194296747?
31, 43, 145759
What are the prime factors of 540449568?
2, 3, 29, 64709
List the prime factors of 58187413.
17, 101, 33889
What are the prime factors of 45904749?
3, 11, 191, 7283
What are the prime factors of 128350309?
5197, 24697
What are the prime factors of 409631548?
2, 102407887
List the prime factors of 3680781592.
2, 1103, 417133
What are the prime factors of 882040078?
2, 19, 23211581
What are the prime factors of 155927515?
5, 31185503
What are the prime factors of 1012263475?
5, 19, 2131081
What are the prime factors of 6801560388?
2, 3, 7, 409, 21997
List the prime factors of 1677819427.
37, 67, 103, 6571
List the prime factors of 1741523.
7, 248789
List the prime factors of 2321815915.
5, 1319, 352057
List the prime factors of 23822853.
3, 2713, 2927
What are the prime factors of 3889798963?
43, 90460441
List the prime factors of 227571437.
43, 59, 271, 331
What are the prime factors of 461996895?
3, 5, 30799793
List the prime factors of 340326851.
37, 593, 15511
List the prime factors of 598835678.
2, 7, 1163, 36779
What are the prime factors of 567517551?
3, 189172517
What are the prime factors of 88891458?
2, 3, 23, 644141
What are the